 z(-3). Suppose 4*w = -t*f - w + 274, 0 = 5*f + w - 332. What is the tens digit of f?
6
Suppose -c - 88 = j, 3*j = c + 53 + 27. What is the tens digit of (-156)/104*4*c?
1
Let g(x) be the third derivative of -x**5/60 - 5*x**4/24 + x**3 - 3*x**2. Let r be g(-6). Suppose -231 = -3*w - r*w. What is the tens digit of w?
7
Suppose 11*y = -y + 16740. Let x = -714 + y. What is the hundreds digit of x?
6
Let y be 10/(50/3)*1215. Let l = 1438 - y. What is the units digit of l?
9
Let k be ((3 - 4) + 3)/(1/(-13)). Let f = k + 23. What is the tens digit of (-122)/(-1)*(f - -7)/8?
6
What is the tens digit of (154 + -196)/((-2)/1126)?
4
Let n(p) = 8*p + 4*p**2 + 16*p - 20 - 14*p + 40*p. Let i be n(-14). Let x = 73 - i. What is the units digit of x?
9
Suppose -21*k + 131132 + 43608 = -60691. What is the hundreds digit of k?
2
Suppose -13*v + 9690 = -9446. What is the thousands digit of v?
1
Suppose 4*z - k + 5*k = 0, 0 = -3*k. Suppose 8*w - 24 = 4*w - g, z = w + g - 9. Let t = 17 - w. What is the tens digit of t?
1
Suppose 5*m - 110 = -17*m. Suppose 4*a - m*f - 2887 = 0, 5*a - 5*f - 1143 = 2467. What is the hundreds digit of a?
7
What is the units digit of ((-24)/6 + 8)/((-16)/(-66104))?
6
Suppose 102*z - 286*z + 132122 + 151238 = 0. What is the thousands digit of z?
1
Let i(a) = 6*a**3 + a**2 - 2*a + 1. Let j be i(1). Let f be 207*5/((-45)/j). What is the units digit of (1 + -2)*f/2 - -3?
2
Suppose 4*r + 19 = w, -2*w + 48*r = 49*r - 29. What is the units digit of 1050 + 1/(1*(-3)/w)?
5
Suppose 29*z - 264 = -4*z. Suppose -z*h + 11*h = -5*a + 4867, -a + 973 = h. What is the hundreds digit of a?
9
Let i(d) = -d**2 + 369*d + 1533. What is the thousands digit of i(117)?
1
Suppose -36352 = -312*y + 304*y. What is the units digit of y?
4
Let t be (-11)/(-4) - 2*(-2)/16. Let c = t + 17. Let u = c + 18. What is the units digit of u?
8
Suppose 23*k + 15305 = 2885. Let a = k - -944. What is the tens digit of a?
0
Let u be -1 + 2*-3 + 2. Let i be -9 + (1 - (-4 - u)). What is the tens digit of (-330)/i*12/10?
4
Let o = -3810 - -22192. What is the tens digit of o?
8
Let p be (-5)/((-105)/36) - 4/(-14). Suppose -p*c - 6 = 0, 4*f - 86 = 5*c + 37. What is the units digit of f?
7
Let j be (-10 - 3) + 4/(-4) + -1. What is the tens digit of ((-6)/j*2)/((-2)/(-1270))?
0
What is the thousands digit of (-2)/16 - 25006243/(-1688)?
4
Let b = -15223 + 18206. What is the hundreds digit of b?
9
What is the tens digit of 3672 + (-3)/(-11 - -14)?
7
What is the hundreds digit of (1662/6)/((1/(-7))/(207/(-63)))?
3
Let r(x) = 25*x**2 + x - 2. Let z be r(2). Suppose -44*m - 5 = -61*m + 131. Suppose -4*c + z - m = 0. What is the tens digit of c?
2
Suppose -38 + 43 = r. Suppose -4*a = -4*s - 1532, -4*a - r*s + 1173 = -a. What is the units digit of a?
6
Let q(x) = -6*x**3 - 380*x**2 + 15*x - 152. What is the tens digit of q(-65)?
2
Suppose 0 = -2*f + 137 + 705. Suppose -f = -2*s + 2*y + 7, 2*s + 4*y = 422. What is the hundreds digit of s?
2
Suppose -339*l + 26784 = -330*l. What is the units digit of l?
6
Let o = 12579 - 8508. What is the tens digit of o?
7
Let o = 191620 + -125984. What is the ten thousands digit of o?
6
Let z be ((-2)/(-3))/(2/6). Suppose k - 3 - z = 0, 5*d = -4*k - 440. Let y = d - -185. What is the units digit of y?
3
Let r(z) = -17 + 4*z + 0 - 3*z - 3*z + z**2. Let s be -7 + -1 + 1 - -2. What is the units digit of r(s)?
8
Let f be (-39)/(-6) + (-15)/6. Let i(y) = 15*y**2 + y + 13. What is the units digit of i(f)?
7
Let m = 211 - 247. Let x = 475 + m. What is the tens digit of x?
3
Suppose r = 5*r - r. Suppose r = 127*z - 131*z + 1856. What is the units digit of z?
4
Let v be ((2 - 5) + 427/28)*-8. Let m be ((-1)/(-2))/((-7)/v). What is the units digit of 4/7 - 11/m - -31?
0
Suppose -51*r + 205689 = -18*r. What is the hundreds digit of r?
2
Suppose -45678 = -2*a + 4*f, 65*f + 25 = 60*f. What is the hundreds digit of a?
8
Let g(l) = 1193*l - 4292. What is the hundreds digit of g(22)?
9
Let k = 9537 - 5796. What is the hundreds digit of k?
7
Let z = 4 - -8. Suppose 13*d - 84 = z*d. Let r = d - 66. What is the tens digit of r?
1
Suppose 0 = -88*l - 38053 + 434405. What is the hundreds digit of l?
5
Suppose 2*n - 4*p - 34 = 0, -3*p - 6 = n - 3. What is the hundreds digit of (221 - 3)/(10 - n)?
2
Let h(z) = -53*z**3 - 2*z**2 - 3*z. Let j = 104 + -106. Let o be h(j). Suppose -19*b - o = -21*b. What is the hundreds digit of b?
2
Let x(j) = 15*j - 4. Let a be x(3). Let v = 158 + a. What is the tens digit of v?
9
Let q be (1/3)/(1/(-15)) + -19. Let z(j) = -j**3 - 23*j**2 - 42*j + 26. What is the hundreds digit of z(q)?
6
Let n(g) be the first derivative of 157*g**2/2 + 76*g - 159. What is the tens digit of n(5)?
6
Let b be ((-3)/(-2))/((-126)/(-18060)). Suppose 4*a = -u + 69 - 462, -3*a - 2*u - 301 = 0. Let r = a + b. What is the hundreds digit of r?
1
What is the ten thousands digit of (-8)/10*(-30615 + -16 + 11)?
2
Suppose -3*x + 2536 + 4709 = 0. Suppose -31*p - x = -10320. What is the tens digit of p?
5
Suppose 3*k + 245 = -616. Let i(o) = -28*o**2 + 7*o + 26. Let x be i(-4). Let l = k - x. What is the tens digit of l?
6
Let b(i) = -2*i + 24. Let v = -56 + 65. Let y be b(v). Suppose 7*c = y*c + 207. What is the hundreds digit of c?
2
Let h be 2/(-1) - (-15 + -3). Let g = h + -1. Let u = g + 62. What is the units digit of u?
7
Suppose 0 = -4*z - 36 + 8. Let w be (-4 - (-54)/21)*z. Suppose -w*d = -5*d - 60. What is the units digit of d?
2
Suppose 0 = 3*s + 5*s. Suppose -2*a + 12 = 4*v, -a + s*v + 14 = 4*v. What is the units digit of (3*1/(-3))/(a/22)?
1
Suppose -10*c + 42 - 22 = 0. Suppose 0 = 4*j - c*j - 6, 4*j + 1674 = 2*u. What is the units digit of u?
3
Let h = 10434 + -8184. What is the tens digit of h?
5
Suppose -589*c - 260548 = -4*o - 584*c, -325675 = -5*o + 5*c. What is the units digit of o?
7
Let d be ((-108)/(-126))/((-1)/(-7)). Let a be (-19)/(-7) - d/(-21). Suppose -2*j + 149 = 3*u + 2*j, -a*u + 152 = j. What is the units digit of u?
1
Let h be (12/8)/(-1 + 532/544). What is the tens digit of (745/10)/((h/24)/(-17))?
4
Let p(q) = q**3 - 3*q**2 - 4*q + 3. Suppose 2*w = f + 188, -w - 4*f = -2*w + 108. Suppose -13*t - 1 = -w. What is the units digit of p(t)?
1
Suppose 5*u + 27 = 4*l, -2*u - 8 + 0 = -3*l. Let h(p) = -p - 21. Let a be h(u). What is the tens digit of 3/(a/152*(-6)/14)?
7
Suppose 0 = 7*r - 131 + 96. Suppose 4*w + 0*w + 20 = 0, 0 = -r*x - w + 610. What is the tens digit of x?
2
Suppose 0 = 8*r - 6*r + 186. Let f = -92 - r. Let k(z) = 50*z + 1. What is the units digit of k(f)?
1
Let y(n) = -5 + 2*n**2 + 23*n - 2 + 0*n. What is the hundreds digit of y(-18)?
2
Let w = 89 + -70. Suppose w*i - 6392 = 2*i. What is the tens digit of i?
7
Let a = 20654 + 12598. What is the thousands digit of a?
3
Let a(p) = p**3 + 11*p**2 - p - 5. Let x = -52 + 41. Let h be a(x). Let c(d) = 2*d + 26. What is the units digit of c(h)?
8
Suppose -293*t + 281*t + 160704 = 0. What is the units digit of t?
2
Let m = 26 + -63. Let l be (m/(-3))/(8/24). Suppose k = 3*s + l, s = 5*k - s - 159. What is the tens digit of k?
3
Suppose 5*i = -5*t + 88735 - 4440, i - 16841 = -3*t. What is the thousands digit of i?
6
Let d = -33911 + 87110. What is the hundreds digit of d?
1
Suppose 6*m = -7 + 25. What is the tens digit of m + (2 - 2) - -439?
4
Suppose -i + 2 = b + 6, 3*i - 5*b = -4. Let t = 898 + -896. What is the units digit of -2 + (i - -97)/t?
5
What is the hundreds digit of (2/3)/((-20)/(-16920)*2)?
2
What is the tens digit of 76565/3 - ((-1786)/114)/47?
2
Suppose 6*w + 306 = 7*w. Suppose w*c + 676 = 310*c. What is the units digit of c?
9
Suppose -12 = -5*r + 3. Let q be (-3)/r*-71 + 5 + -1. Suppose 0 = -71*b + q*b - 1040. What is the tens digit of b?
6
Suppose -5*z - 2*v + 6 = 0, -z = 4*v - 2*v - 6. Suppose z*t = 3*t - 993. What is the units digit of t?
1
Let c be (-45)/(-4) - ((-11)/4 - -3). Suppose -8*k = -4*k. Suppose k*w = c*w - 2288. What is the hundreds digit of w?
2
Let f(l) be the second derivative of l**5/20 - 2*l**4/3 + l**3/2 - 2*l**2 - 574*l - 1. Let z(w) = -2*w - 4. Let b be z(-6). What is the units digit of f(b)?
0
Let i(b) = b. Let h be i(-3). Let g = 5 + h. Suppose -y - 5*s = -0*y - 72, -g*s + 136 = 2*y. What is the units digit of y?
7
Let b(y) = -30467*y + 179. What is th